{"id":4695,"date":"2019-02-02T22:11:10","date_gmt":"2019-02-02T21:11:10","guid":{"rendered":"http:\/\/www.anglista.edu.pl\/?page_id=4695"},"modified":"2025-04-13T14:42:39","modified_gmt":"2025-04-13T12:42:39","slug":"quizlet","status":"publish","type":"page","link":"https:\/\/www.anglista.edu.pl\/?page_id=4695","title":{"rendered":"Quizlet"},"content":{"rendered":"\n<p class=\"wp-block-paragraph\">Quizlet to wszechstronna platforma edukacyjna, kt\u00f3ra od lat wspiera miliony u\u017cytkownik\u00f3w w efektywnym przyswajaniu wiedzy. Jej najwi\u0119ksz\u0105 zalet\u0105 jest prostota i r\u00f3\u017cnorodno\u015b\u0107 narz\u0119dzi, kt\u00f3re u\u0142atwiaj\u0105 nauk\u0119 poprzez interaktywne fiszki, gry, quizy i tryby dopasowywania. Quizlet wykorzystuje metod\u0119 powt\u00f3rek, pomagaj\u0105c utrwala\u0107 informacje w pami\u0119ci d\u0142ugotrwa\u0142ej. U\u017cytkownicy mog\u0105 tworzy\u0107 w\u0142asne zestawy lub korzysta\u0107 z milion\u00f3w gotowych materia\u0142\u00f3w stworzonych przez spo\u0142eczno\u015b\u0107, co pozwala dostosowa\u0107 nauk\u0119 do indywidualnych potrzeb.<\/p>\n\n\n\n<p class=\"wp-block-paragraph\">Dost\u0119pno\u015b\u0107 Quizlet na urz\u0105dzeniach mobilnych i w przegl\u0105darce sprawia, \u017ce nauka jest wygodna i elastyczna \u2013 mo\u017cna uczy\u0107 si\u0119 w dowolnym miejscu, czy to w domu, w podr\u00f3\u017cy, czy podczas przerwy. Platforma oferuje tak\u017ce funkcje wsp\u00f3\u0142pracy, takie jak wsp\u00f3lne zestawy dla grup, oraz tryb nauki z elementami grywalizacji, kt\u00f3re zwi\u0119kszaj\u0105 motywacj\u0119. Intuicyjny interfejs i mo\u017cliwo\u015b\u0107 dodawania multimedi\u00f3w, jak obrazy czy nagrania, czyni\u0105 proces uczenia si\u0119 bardziej anga\u017cuj\u0105cym.<\/p>\n\n\n\n<p class=\"wp-block-paragraph\">Z przyjemno\u015bci\u0105 informujemy, \u017ce cz\u0119\u015b\u0107 naszych kurs\u00f3w j\u0119zykowych i baz s\u0142ownictwa jest dost\u0119pna na platformie Quizlet! Nasze zestawy zosta\u0142y starannie przygotowane i s\u0105 stale poprawiane, by wspiera\u0107 nauk\u0119 specjalistycznego i zaawansowanego s\u0142ownictwa. Nauka jest przejrzysta, \u0142atwa i przyjemna, a przede wszystkim skuteczna.<\/p>\n\n\n\n<p class=\"wp-block-paragraph\">Zapraszamy do zapoznania si\u0119 z nasz\u0105 ofert\u0105 na Quizlet i rozpocz\u0119cia przygody z nauk\u0105 j\u0119zyk\u00f3w w dynamiczny spos\u00f3b! <a href=\"https:\/\/quizlet.com\/user\/malymr\/sets\" data-type=\"link\" data-id=\"https:\/\/quizlet.com\/user\/malymr\/sets\" target=\"_blank\" rel=\"noreferrer noopener nofollow\">Pe\u0142n\u0105 list\u0119 naszych kurs\u00f3w i baz leksykalnych znajdziesz na tej stronie<\/a>.<\/p>\n\n\n\n<figure class=\"wp-block-image size-large\"><a href=\"https:\/\/quizlet.com\/user\/malymr\/sets\" target=\"_blank\" rel=\" noreferrer noopener\"><img loading=\"lazy\" decoding=\"async\" width=\"700\" height=\"525\" src=\"https:\/\/www.anglista.edu.pl\/wp-content\/uploads\/2025\/04\/quizlet-700x525.jpg\" alt=\"\" class=\"wp-image-6325\" srcset=\"https:\/\/www.anglista.edu.pl\/wp-content\/uploads\/2025\/04\/quizlet-700x525.jpg 700w, https:\/\/www.anglista.edu.pl\/wp-content\/uploads\/2025\/04\/quizlet-300x225.jpg 300w, https:\/\/www.anglista.edu.pl\/wp-content\/uploads\/2025\/04\/quizlet-768x576.jpg 768w, https:\/\/www.anglista.edu.pl\/wp-content\/uploads\/2025\/04\/quizlet.jpg 1024w\" sizes=\"auto, (max-width: 700px) 100vw, 700px\" \/><\/a><\/figure>\n","protected":false},"excerpt":{"rendered":"<p>Quizlet to wszechstronna platforma edukacyjna, kt\u00f3ra od lat wspiera miliony u\u017cytkownik\u00f3w w efektywnym przyswajaniu wiedzy. Jej najwi\u0119ksz\u0105 zalet\u0105 jest prostota i r\u00f3\u017cnorodno\u015b\u0107 narz\u0119dzi, kt\u00f3re u\u0142atwiaj\u0105 nauk\u0119 poprzez interaktywne fiszki, gry, quizy i tryby dopasowywania. Quizlet wykorzystuje metod\u0119 powt\u00f3rek, pomagaj\u0105c utrwala\u0107 informacje w pami\u0119ci d\u0142ugotrwa\u0142ej. U\u017cytkownicy mog\u0105 tworzy\u0107 w\u0142asne zestawy lub korzysta\u0107 z milion\u00f3w gotowych materia\u0142\u00f3w&hellip; <a class=\"more-link\" href=\"https:\/\/www.anglista.edu.pl\/?page_id=4695\">Czytaj dalej <span class=\"screen-reader-text\">Quizlet<\/span><\/a><\/p>\n","protected":false},"author":1,"featured_media":0,"parent":0,"menu_order":0,"comment_status":"closed","ping_status":"closed","template":"","meta":{"_crdt_document":"","footnotes":""},"class_list":["post-4695","page","type-page","status-publish","hentry","entry"],"_links":{"self":[{"href":"https:\/\/www.anglista.edu.pl\/index.php?rest_route=\/wp\/v2\/pages\/4695","targetHints":{"allow":["GET"]}}],"collection":[{"href":"https:\/\/www.anglista.edu.pl\/index.php?rest_route=\/wp\/v2\/pages"}],"about":[{"href":"https:\/\/www.anglista.edu.pl\/index.php?rest_route=\/wp\/v2\/types\/page"}],"author":[{"embeddable":true,"href":"https:\/\/www.anglista.edu.pl\/index.php?rest_route=\/wp\/v2\/users\/1"}],"replies":[{"embeddable":true,"href":"https:\/\/www.anglista.edu.pl\/index.php?rest_route=%2Fwp%2Fv2%2Fcomments&post=4695"}],"version-history":[{"count":0,"href":"https:\/\/www.anglista.edu.pl\/index.php?rest_route=\/wp\/v2\/pages\/4695\/revisions"}],"wp:attachment":[{"href":"https:\/\/www.anglista.edu.pl\/index.php?rest_route=%2Fwp%2Fv2%2Fmedia&parent=4695"}],"curies":[{"name":"wp","href":"https:\/\/api.w.org\/{rel}","templated":true}]}}